 m**2 + 2*m + 1. What is p(c)?
-7
Let t be (-2)/9 + (-77)/(-63). Let l(a) = -4*a**3 - a**2 - a + 1. What is l(t)?
-5
Let j(b) = b**2 - 10*b - 7. Let c be j(11). Let x = c - 1. Let r(a) = -x*a**2 + a + 2*a**2 - 4 + 0*a. What is r(3)?
-10
Let g(n) be the first derivative of 1/2*n**2 - 1 - n. Determine g(-5).
-6
Let y(n) = n**2 + 3*n + 1. Let m be y(-4). Suppose 7*h - 18 = 3*h - 2*l, -3*l - 6 = -m*h. Let o(a) = 2*a - 3. Calculate o(h).
3
Let z(b) = -1 - 3*b - 2*b + 2*b. Let m be ((-2 + 1)*1)/(-1). What is z(m)?
-4
Suppose 2*q + 15 = 4*q + 5*f, -5 = -f. Let k(z) = -6*z**3 - 5*z**2 + 6*z + 4. Let h(s) = -s**3 + s. Let n = -7 + 6. Let v(b) = n*k(b) + 5*h(b). Give v(q).
1
Suppose 12 = -r + 5*r, -4*i = -2*r + 54. Let h = 8 + i. Let j(f) = 2*f + 5. Give j(h).
-3
Let v(a) be the first derivative of -a**3/3 - 3*a**2 + 5. Suppose -2*u - 9 = f, -3*u = u - 2*f + 38. Give v(u).
-7
Let s(d) = 8 + 10*d**2 + 16*d**2 - 25*d**2 + 9*d. Give s(-7).
-6
Let r(i) = -2 + 6*i + 0 - 5 - 5*i. Give r(5).
-2
Let s(g) = g**2 + 6*g + 2. Suppose 2 = -z + 2*z. Suppose -2*q - 16 = z*q. Give s(q).
-6
Let i(n) = -n + 14. Let x(a) = a - 14. Let k(p) = 4*i(p) + 5*x(p). Give k(0).
-14
Let w be (1*2*-2)/(-2). Let t(y) = -2*y - 4*y**2 - y**3 + w*y - y + 1. Determine t(-3).
-5
Let u be 4 - 158*2/80. Let r(f) be the second derivative of u*f**5 + 1/3*f**4 + 0 + 0*f**3 - 3/2*f**2 + 2*f. Determine r(-4).
-3
Let y be (10/(-1))/(-1 - 1). Let j = -3 + y. Let u(h) = -4*h - h + 2*h**j + 2 + 4*h. Determine u(2).
8
Let w = 15 + -9. Let g(z) = w + z - 3*z + 0*z - 8. Determine g(-3).
4
Let j(u) = 5*u + 1. Suppose 0 = -3*a, 2*z - 2*a = 5*z - 6. Let g = z + -4. What is j(g)?
-9
Let k(f) = -f - 14. Let j be 0 + 3 - (5 - -4). Calculate k(j).
-8
Let s(f) = 5*f + 2*f**2 - 12 + 29 - 12. Let c be s(-2). Let r(u) = -u**3 + 3*u**2 - 2*u + 4. Determine r(c).
-2
Let f = -5 + 18. Let h = 7 - f. Let d(g) = -g - 8. Calculate d(h).
-2
Suppose m + 0*m = 3, 23 = -4*v + 5*m. Let u(n) = -6*n - 2. Give u(v).
10
Let t(c) = -6*c - 4 - 3*c**2 - c**2 + c**3 + 0*c**2. Let u = -199 + 204. Give t(u).
-9
Let x = -10 - -17. Suppose 26*i - 27*i = x. Let k(w) = 2*w + 8. Give k(i).
-6
Let j = -10 - -4. Let u(b) = -1 - 90*b + 92*b + 1 + 7. What is u(j)?
-5
Let o(f) be the third derivative of f**5/15 + f**4/24 + f**2. Determine o(-1).
3
Let w(i) = 41*i - 18*i - 22*i - 12. Calculate w(6).
-6
Let y(q) = -q**3 - 20*q**2 + 20*q - 19. Let x be y(-21). Let w(l) be the second derivative of -2/3*l**3 + 3/2*l**2 + 0 + 1/12*l**4 + x*l. What is w(3)?
0
Let p be (0 - (-3)/(-6))*-10. Let r(w) = 3*w - w**3 + 3 + 0 + 0*w**3 + 4*w**2. Give r(p).
-7
Let b(f) = -f**2 - 8*f - 7. Let m be 395/(-55) - 4/(-22). Calculate b(m).
0
Let m be (7 - 5)*3/2. Suppose v - 2 - 1 = 0, 0 = m*n + 2*v + 9. Let u(r) = r**3 + 4*r**2 - 5*r - 1. Determine u(n).
-1
Let m(q) be the third derivative of -q**6/720 + q**5/120 - q**4/24 + 4*q**2. Let w(z) be the second derivative of m(z). Calculate w(-2).
3
Suppose 2 = -5*b + l - 3*l, -l = 4*b + 1. Suppose -2*s + b*s = 8. Let j = s - -7. Let d(w) = w**2 - 4*w + 2. Determine d(j).
-1
Let f(p) = -p**2 - 4*p - 3. Let w(b) = -3*b - 4*b + 3*b + 5 - 2*b - b**2. Let q = 7 + -14. Let g be w(q). Calculate f(g).
1
Let k(p) = p**3 - 4*p**2 + p. Let b(i) = -2*i**2. Let m be b(-1). Let u = m - -6. Suppose u = l - 0. Give k(l).
4
Let r(y) = y**2 + y - 4. Suppose -6*j - 6 = 18. Let t be (j/(-16))/((-3)/(-36)). What is r(t)?
8
Suppose -20*f - 15 = -15*f. Let n(y) = y**3 + y**2 - 4*y + 1. Give n(f).
-5
Let b(n) be the first derivative of -1/2*n**2 - 2*n + 3. What is b(-5)?
3
Let s(n) = n**2 - 8*n + 7. Let a(j) = 2*j - 2. Let i be a(2). Let t be 12/3*i - 2. What is s(t)?
-5
Let v(u) be the first derivative of 2*u**2 - u + 1. Suppose 3*n - 1 = -4. Calculate v(n).
-5
Let j(l) = -l**3 - l**2 + 3*l + 2. Suppose 0 = -3*q + 53 + 7. Suppose 0 = -4*u + 2*f - q, -u = -0*u - 5*f + 23. What is j(u)?
11
Let b(t) = -5*t - 1 + 2 + 6*t. Suppose j - 1 - 3 = 0. Let n be b(j). Let x(a) = a**3 - 6*a**2 + 5*a - 2. Calculate x(n).
-2
Let w(t) = t + 4. Let u be 4/(-3)*18/(-12). Suppose u*m = -m. Calculate w(m).
4
Let t(a) = 2*a**2 - 2*a - 1. Let m be (-3 + 1)*(-4 + 3). What is t(m)?
3
Let a(f) be the first derivative of -f**6/72 + f**3/3 - 1. Let h(m) be the third derivative of a(m). Let p = -21 + 22. Give h(p).
-5
Let k(y) = 3 + 2*y - 4 + 6*y - 7*y. What is k(3)?
2
Suppose 2*k + 4*f = 4, -2*k + 5*k = -3*f + 3. Let u(n) = -n**3 + n**2 - n - 3. Give u(k).
-3
Let k(w) = -2*w**3 - 2*w**2 + 1. Suppose 94 = -4*v + 30. Let m = 17 + v. Determine k(m).
-3
Let j(c) = 0*c**2 - 1 + c**2 - 2*c**2. Suppose 4*i - i - 4*w = -6, 2*i + 4 = w. Let x(d) = -7*d**2 + 3. Let z(y) = i*j(y) - x(y). Calculate z(1).
8
Let o(b) = b**2 + b - 13. Let s(y) = -y**2 - 10*y - 9. Let w be s(-9). Suppose w = -i + 2*m + 8, 3*m + 16 = -i - m. Calculate o(i).
-13
Let f(d) = -d**2. Let n = -5 - -9. Let a be (1*-12)/((-6)/4). Suppose 0 = -2*x - a + n. Give f(x).
-4
Let y(l) = 3*l**2 + l. Let o be 1/3 - 8/6. Let j be y(o). Let f(m) = 1 + m - j*m + 0. What is f(-5)?
6
Let a(s) = 9 - s + 2*s + 0*s + 0*s. Let c be a(-6). Let z(d) = d**2 + 2*d - 1. Determine z(c).
14
Let u(f) = -3*f**3 + f + 1. Let j be u(-1). Suppose j*g = -2*z + 16, 4*z + 8 + 0 = 4*g. Let r(v) = v**3 - 4*v**2 - 2*v - 4. What is r(g)?
-12
Let d(z) = 3 - z + 2 - 3 + 0*z. Let n be d(7). Let v = n + 10. Let b(c) = -2*c + 5. Give b(v).
-5
Let u(z) = z**3 + 5*z**2 - 6*z + 2. Let q(y) = -2*y**3 - 10*y**2 + 13*y - 5. Let k(x) = 2*q(x) + 5*u(x). Determine k(-6).
-12
Let g(q) be the second derivative of q**3/3 - q**2/2 + 7*q. What is g(2)?
3
Let a(p) be the second derivative of p**3/3 + 11*p**2/2 - 3*p. Let f(r) = r + 1. Let d(v) = a(v) - 4*f(v). What is d(5)?
-3
Let d(c) = -7*c**2 - c + 1. Suppose -4*k = m + 36, 0*m + 5*m = 0. Let t(y) = -y - 8. Let n be t(k). Determine d(n).
-7
Let n(r) = r**3 - 6*r**2 + 4*r + 3. Suppose f + 6 = 2*m, -3*m + 2*f + 11 = f. Let c = 7 + m. Suppose -2*u - 3*h + 1 = 0, 2*u + h = -u + c. Determine n(u).
-2
Let m(n) = -9*n**3 - 2*n**2 - 9*n + 25. Let k(h) = 5*h**3 + h**2 + 5*h - 13. Let d(c) = -11*k(c) - 6*m(c). Let p = -1 - -1. Give d(p).
-7
Let c(q) = q**2 + 5*q + 1. Let d be c(-5). Suppose -23 = 4*a + d. Let s be a/(-4) + (-2)/(-4). Let b(x) = x**2 - 3*x + 1. What is b(s)?
-1
Let g(t) = -t**2 + 5*t + 1. Suppose 20 = -4*q, 0 = 2*h + q - 3*q - 14. Let j(y) = 2*y**3 - 4*y**2 + 3*y - 1. Let d be j(h). Give g(d).
1
Let t(u) = 2*u**2 - 2*u - 2. Let m(d) = d**2 - 5*d + 13. Let v be m(6). Let g = -17 + v. Determine t(g).
2
Let v(m) = -m + 7. Let b = -3 - -13. Give v(b).
-3
Let q be ((-15)/2)/5 - (-9)/6. Let k(d) = -d**2 - d - 1. Give k(q).
-1
Suppose g = f - 5, -3*f = g - 3*g - 16. Suppose -2*c = -f*c + 20. Let p(a) = a**2 - 6*a + 2. What is p(c)?
-3
Let p(m) = -17*m**2 + 25*m - 24*m - m**2. Give p(1).
-17
Let q(u) be the first derivative of u**5/20 - u**4/3 + u**3/3 + u**2 + 5*u - 2. Let v(a) be the first derivative of q(a). Give v(3).
-1
Let t(k) = 6*k**2 - 26*k + 16. Let f(n) = -3*n + n**2 - 2*n + 0 + 3. Let d(u) = 11*f(u) - 2*t(u). Let j(z) = -z**3 + 3*z - 3. Let i be j(2). Determine d(i).
-9
Let u(c) = -c**3 - 5*c**2 - 5. Let h(l) be the third derivative of -3/8*l**4 + 0 + 3/2*l**3 + 1/60*l**5 + 0*l + l**2. Let x be h(7). Determine u(x).
-5
Suppose -1 - 4 = -u. Let m(d) = -d**3 + 6*d**2 + d + 1. Let y be m(6). Let s(j) = -y + 3*j - 4*j + 3*j. What is s(u)?
3
Suppose 7 + 5 = 4*q. Suppose q*y = y + 10. Let v(u) = -u**2 + 7*u - 1. Calculate v(y).
9
Let g(b) = -b - 3. Let s(w) = -1. Let f(a) = g(a) - 4*s(a). Calculate f(-6).
7
Suppose -3 = -0*m - 3*m, 2*m = x + 1. Let d(a) = -2*a**2 + a - 1. What is d(x)?
-2
Suppose 5*y + 0*l + 4*l + 4 = 0, y + 2*l + 2 = 0. Let a(t) = t**3 + 10*t**2 + 10*t + 13. Let v be a(-9). Let c(p) = 3*p**2 + 2 - 3*p - 2*p**2 + v*p. Give c(y).
2
Let g(s) be the second derivative of 7*s**3/6 - s**2/2 - 4*s. Let i(y) = 20*y - 3. Let o(c) = 8*g(c) - 3*i(c). Calculate o(2).
-7
Let n(o) = 0 + 3 + 2 + 2*o. Suppose -p + 12 = 4*q + 36, q = 5*p - 6. What is n(q)?
-7
Let t(y) = -y - 1. Let f(s) be the second derivative of -s**4/12 - 2*s**3/3 + s**2/2 + 4*s. Let b be f(-5). Determine t(b).
3
Let c(n) = -n**3 - 4*n**2 - 7*n - 24. Let h be c(-4). Let f(p) = p + 1. Give f(h).
5
Let d be (-2 + -1 + 4)*2. Let f = 3 - d. 